{"id":8,"date":"2021-10-19T17:03:52","date_gmt":"2021-10-19T17:03:52","guid":{"rendered":"https:\/\/listinghive.hivepress.io\/?page_id=8"},"modified":"2024-04-22T19:11:02","modified_gmt":"2024-04-22T17:11:02","slug":"home","status":"publish","type":"page","link":"https:\/\/ogloszenia.relaks-swiecie.eu\/","title":{"rendered":"Home"},"content":{"rendered":"\n<h1 class=\"wp-block-heading has-text-align-center\">Portal og\u0142osze\u0144 ROD Relaks \u015awiecie<\/h1>\n\n\n\n<p class=\"has-text-align-center has-medium-font-size\"><\/p>\n\n\n\n<!--more-->\n<!--noteaser-->\n\n\n\n<p><\/p>\n\n\n <form class=\"hp-form--wide hp-form--primary hp-block hp-form hp-form--listing-search\" action=\"https:\/\/ogloszenia.relaks-swiecie.eu\" method=\"GET\" data-component=\"form\"><div class=\"hp-form__messages\" data-component=\"messages\"><\/div><div class=\"hp-form__fields\"><input type=\"hidden\" name=\"post_type\" value=\"hp_listing\" class=\"hp-field hp-field--hidden\"><select name=\"_category\" class=\"hp-field hp-field--hidden\"><option value=\"\">All Categories<\/option><option value=\"21\">Og\u0142oszenia sprzeda\u017cy<\/option><option value=\"29\">Us\u0142ugi<\/option><option value=\"27\">Oddam<\/option><\/select><div class=\"hp-form__field hp-form__field--search\"><input type=\"search\" name=\"s\" value=\"\" placeholder=\"Keywords\" maxlength=\"256\" class=\"hp-field hp-field--search\"><\/div><\/div><div class=\"hp-form__footer\"><button type=\"submit\" class=\"hp-form__button button-primary alt button hp-field hp-field--submit\"><span>Search<\/span><\/button><\/div><\/form>\n\n\n<div style=\"height:1px\" aria-hidden=\"true\" class=\"wp-block-spacer\"><\/div>\n\n\n\n<h2 class=\"wp-block-heading has-text-align-center content-title\">Kategorie og\u0142osze\u0144<\/h2>\n\n\n <div class=\"hp-listing-categories hp-grid hp-block\"><div class=\"hp-row\"><div class=\"hp-grid__item hp-col-sm-4 hp-col-xs-12\"><article class=\"hp-listing-category hp-listing-category--view-block\"><header class=\"hp-listing-category__header\"><div class=\"hp-listing-category__image\">\n\t<a href=\"https:\/\/ogloszenia.relaks-swiecie.eu\/?hp_listing_category=na-sprzedaz\">\n\t\t\t\t\t<img decoding=\"async\" src=\"https:\/\/ogloszenia.relaks-swiecie.eu\/wp-content\/uploads\/2024\/04\/pexels-vladbagacian-1212053-400x533.jpg\" alt=\"Og\u0142oszenia sprzeda\u017cy\" loading=\"lazy\">\n\t\t\t<\/a>\n<\/div>\n<div class=\"hp-listing-category__item-count hp-listing-category__count\">0 Listings<\/div>\n<\/header><div class=\"hp-listing-category__content\"><h3 class=\"hp-listing-category__name\"><a href=\"https:\/\/ogloszenia.relaks-swiecie.eu\/?hp_listing_category=na-sprzedaz\">Og\u0142oszenia sprzeda\u017cy<\/a>\n<\/h3><div class=\"hp-listing-category__details hp-listing-category__details--primary\"><\/div>\t<div class=\"hp-listing-category__description\">Dzia\u0142ki, inne<\/div>\n\t<\/div><\/article><\/div><div class=\"hp-grid__item hp-col-sm-4 hp-col-xs-12\"><article class=\"hp-listing-category hp-listing-category--view-block\"><header class=\"hp-listing-category__header\"><div class=\"hp-listing-category__image\">\n\t<a href=\"https:\/\/ogloszenia.relaks-swiecie.eu\/?hp_listing_category=uslugi\">\n\t\t\t\t\t<img decoding=\"async\" src=\"https:\/\/ogloszenia.relaks-swiecie.eu\/wp-content\/uploads\/2024\/04\/pexels-gary-barnes-6231714-400x533.jpg\" alt=\"Us\u0142ugi\" loading=\"lazy\">\n\t\t\t<\/a>\n<\/div>\n<div class=\"hp-listing-category__item-count hp-listing-category__count\">0 Listings<\/div>\n<\/header><div class=\"hp-listing-category__content\"><h3 class=\"hp-listing-category__name\"><a href=\"https:\/\/ogloszenia.relaks-swiecie.eu\/?hp_listing_category=uslugi\">Us\u0142ugi<\/a>\n<\/h3><div class=\"hp-listing-category__details hp-listing-category__details--primary\"><\/div>\t<div class=\"hp-listing-category__description\">Us\u0142ugi<\/div>\n\t<\/div><\/article><\/div><div class=\"hp-grid__item hp-col-sm-4 hp-col-xs-12\"><article class=\"hp-listing-category hp-listing-category--view-block\"><header class=\"hp-listing-category__header\"><div class=\"hp-listing-category__image\">\n\t<a href=\"https:\/\/ogloszenia.relaks-swiecie.eu\/?hp_listing_category=oddam\">\n\t\t\t\t\t<img decoding=\"async\" src=\"https:\/\/ogloszenia.relaks-swiecie.eu\/wp-content\/uploads\/2021\/11\/image-20-400x533.jpg\" alt=\"Oddam\" loading=\"lazy\">\n\t\t\t<\/a>\n<\/div>\n<div class=\"hp-listing-category__item-count hp-listing-category__count\">0 Listings<\/div>\n<\/header><div class=\"hp-listing-category__content\"><h3 class=\"hp-listing-category__name\"><a href=\"https:\/\/ogloszenia.relaks-swiecie.eu\/?hp_listing_category=oddam\">Oddam<\/a>\n<\/h3><div class=\"hp-listing-category__details hp-listing-category__details--primary\"><\/div>\t<div class=\"hp-listing-category__description\">Za darmo<\/div>\n\t<\/div><\/article><\/div><\/div><\/div>\n\n\n<h2 class=\"wp-block-heading has-text-align-center content-title\">Najnowsze og\u0142oszenia<\/h2>\n\n\n ","protected":false},"excerpt":{"rendered":"<p>Portal og\u0142osze\u0144 ROD Relaks \u015awiecie<\/p>\n","protected":false},"author":1,"featured_media":0,"parent":0,"menu_order":0,"comment_status":"closed","ping_status":"closed","template":"","meta":{"footnotes":""},"class_list":["post-8","page","type-page","status-publish","hentry"],"_links":{"self":[{"href":"https:\/\/ogloszenia.relaks-swiecie.eu\/index.php?rest_route=\/wp\/v2\/pages\/8","targetHints":{"allow":["GET"]}}],"collection":[{"href":"https:\/\/ogloszenia.relaks-swiecie.eu\/index.php?rest_route=\/wp\/v2\/pages"}],"about":[{"href":"https:\/\/ogloszenia.relaks-swiecie.eu\/index.php?rest_route=\/wp\/v2\/types\/page"}],"author":[{"embeddable":true,"href":"https:\/\/ogloszenia.relaks-swiecie.eu\/index.php?rest_route=\/wp\/v2\/users\/1"}],"replies":[{"embeddable":true,"href":"https:\/\/ogloszenia.relaks-swiecie.eu\/index.php?rest_route=%2Fwp%2Fv2%2Fcomments&post=8"}],"version-history":[{"count":17,"href":"https:\/\/ogloszenia.relaks-swiecie.eu\/index.php?rest_route=\/wp\/v2\/pages\/8\/revisions"}],"predecessor-version":[{"id":231,"href":"https:\/\/ogloszenia.relaks-swiecie.eu\/index.php?rest_route=\/wp\/v2\/pages\/8\/revisions\/231"}],"wp:attachment":[{"href":"https:\/\/ogloszenia.relaks-swiecie.eu\/index.php?rest_route=%2Fwp%2Fv2%2Fmedia&parent=8"}],"curies":[{"name":"wp","href":"https:\/\/api.w.org\/{rel}","templated":true}]}}